and 23?
23
Calculate the greatest common divisor of 332 and 2822.
166
What is the greatest common factor of 1335 and 15?
15
What is the greatest common divisor of 14 and 238?
14
Calculate the highest common divisor of 533 and 39.
13
What is the highest common factor of 340 and 22950?
170
What is the highest common factor of 70 and 14?
14
Calculate the highest common divisor of 6544 and 112.
16
What is the highest common divisor of 108 and 16872?
12
What is the greatest common factor of 1170 and 70?
10
What is the highest common factor of 3196 and 329?
47
Calculate the highest common factor of 40 and 185.
5
What is the highest common divisor of 16 and 16?
16
Calculate the highest common factor of 1515 and 30.
15
Calculate the highest common factor of 6087 and 6.
3
Calculate the highest common factor of 189 and 31941.
189
Calculate the highest common divisor of 43 and 1333.
43
What is the greatest common divisor of 250 and 6?
2
Calculate the greatest common divisor of 10158 and 6.
6
Calculate the highest common factor of 53 and 53.
53
What is the highest common divisor of 18 and 36?
18
Calculate the greatest common divisor of 669 and 9.
3
What is the greatest common divisor of 154 and 45122?
154
Calculate the greatest common factor of 150 and 6.
6
Calculate the highest common divisor of 2391 and 3.
3
What is the greatest common factor of 80 and 496?
16
What is the greatest common factor of 78 and 1014?
78
What is the greatest common factor of 90 and 240?
30
What is the greatest common divisor of 260 and 468?
52
What is the greatest common factor of 105 and 672?
21
Calculate the highest common factor of 45 and 285.
15
What is the highest common divisor of 75 and 200?
25
What is the greatest common factor of 78 and 1209?
39
What is the highest common factor of 11304 and 72?
72
Calculate the highest common factor of 250 and 10.
10
What is the greatest common divisor of 65 and 1859?
13
Calculate the greatest common divisor of 231 and 42.
21
Calculate the highest common divisor of 101 and 4343.
101
Calculate the greatest common factor of 150 and 160.
10
Calculate the highest common factor of 3082 and 92.
46
What is the highest common divisor of 800 and 75?
25
Calculate the highest common divisor of 2223 and 2717.
247
What is the greatest common divisor of 81 and 1242?
27
Calculate the highest common factor of 4235 and 280.
35
What is the highest common factor of 36 and 729?
9
What is the highest common factor of 29825 and 25?
25
Calculate the highest common factor of 115 and 1541.
23
Calculate the highest common factor of 31 and 30907.
31
What is the greatest common divisor of 48 and 726?
6
What is the greatest common factor of 5880 and 30?
30
What is the highest common factor of 546 and 1820?
182
What is the highest common factor of 9 and 1?
1
What is the highest common divisor of 5 and 35?
5
What is the highest common factor of 1510 and 40?
10
Calculate the highest common divisor of 83 and 20.
1
Calculate the highest common factor of 6 and 5433.
3
Calculate the highest common factor of 368 and 23.
23
What is the highest common divisor of 122 and 1586?
122
Calculate the greatest common divisor of 108 and 60.
12
Calculate the greatest common divisor of 156 and 36.
12
Calculate the greatest common divisor of 216 and 351.
27
What is the highest common divisor of 10521 and 189?
63
What is the highest common divisor of 88 and 48?
8
Calculate the highest common divisor of 989 and 172.
43
What is the highest common divisor of 38 and 38?
38
Calculate the greatest common factor of 45 and 4005.
45
Calculate the highest common factor of 1456 and 336.
112
Calculate the highest common divisor of 510 and 1581.
51
Calculate the highest common divisor of 3125 and 5.
5
Calculate the highest common divisor of 213 and 923.
71
What is the highest common divisor of 198 and 3234?
66
What is the greatest common factor of 137 and 2?
1
Calculate the greatest common divisor of 15 and 576.
3
What is the highest common factor of 76 and 190?
38
Calculate the greatest common divisor of 15375 and 164.
41
What is the greatest common divisor of 480 and 1560?
120
Calculate the highest common divisor of 78 and 12.
6
What is the greatest common divisor of 494 and 390?
26
What is the highest common factor of 1638 and 9?
9
What is the greatest common factor of 22 and 209?
11
What is the greatest common divisor of 8003 and 159?
53
Calculate the greatest common divisor of 630 and 70.
70
Calculate the greatest common factor of 145 and 2871.
29
What is the greatest common factor of 11 and 77?
11
What is the greatest common divisor of 832 and 13?
13
Calculate the highest common divisor of 147 and 33.
3
What is the greatest common divisor of 184 and 9752?
184
What is the greatest common divisor of 108 and 84?
12
What is the greatest common divisor of 1043 and 14?
7
What is the highest common factor of 13 and 1417?
13
What is the greatest common factor of 14481 and 9?
9
Calculate the greatest common divisor of 235 and 3807.
47
What is the greatest common factor of 30 and 195?
15
What is the greatest common factor of 225 and 756?
9
What is the highest common divisor of 858 and 198?
66
Calculate the greatest common divisor of 720 and 270.
90
What is the highest common divisor of 26 and 1807?
13
What is the greatest common factor of 793 and 1647?
61
Calculate the greatest common divisor of 112 and 16.
16
What is the greatest common factor of 21 and 35091?
21
What is the highest common divisor of 1577 and 38?
19
Calculate the highest common factor of 399 and 42.
21
Calculate the greatest common divisor of 60 and 20.
20
What is the highest common divisor of 23 and 9407?
23
Calculate the highest common divisor of 444 and 592.
148
Calculate the greatest common divisor of 655 and 1572.
131
What is the highest common divisor of 67 and 1273?
67
What is the highest common factor of 1968 and 369?
123
What is the highest common factor of 44 and 5302?
22
Calculate the greatest common divisor of 343 and 2842.
49
What is the highest common factor of 80 and 360?
40
Calculate the highest common divisor of 52 and 6.
2
Calculate the greatest common factor of 5016 and 198.
66
What is the greatest common factor of 63 and 15129?
9
What is the highest common divisor of 4522 and 42?
14
Calculate the greatest common factor of 316 and 711.
79
Calculate the highest common factor of 70 and 29750.
70
What is the greatest common factor of 114 and 608?
38
Calculate the greatest common factor of 18882 and 18.
18
Calculate the highest common divisor of 529 and 69.
23
Calculate the greatest common factor of 6618 and 12.
6
Calculate the greatest common divisor of 1 and 37.
1
Calculate the highest common divisor of 26 and 247.
13
What is the greatest common factor of 388 and 12?
4
What is the highest common divisor of 968 and 3146?
242
Calculate the highest common factor of 6394 and 834.
278
What is the greatest common divisor of 13 and 416?
13
Calculate the highest common divisor of 11 and 1694.
11
What is the highest common divisor of 143 and 14872?
143
Calculate the highest common divisor of 57 and 44061.
57
What is the highest common divisor of 918 and 374?
34
What is the greatest common divisor of 182 and 42?
14
What is the highest common divisor of 130 and 60?
10
Calculate the highest common divisor of 72 and 2672.
8
Calculate the greatest common divisor of 827 and 2.
1
Calculate the highest common factor of 2489 and 133.
19
What is the greatest common factor of 117 and 17511?
39
What is the greatest common divisor of 6 and 606?
6
What is the greatest common factor of 252 and 41076?
252
Calculate the highest common divisor of 37 and 1591.
37
What is the greatest common divisor of 168 and 4116?
84
Calculate the highest common divisor of 37 and 10.
1
What is the highest common divisor of 75 and 2825?
25
What is the greatest common divisor of 80 and 1040?
80
What is the greatest common factor of 60 and 890?
10
Calculate the highest common factor of 27 and 585.
9
Calculate the highest common factor of 12 and 66.
6
What is the greatest common factor of 1715 and 98?
49
Calculate the highest common factor of 4 and 4.
4
Calculate the greatest common factor of 24 and 336.
24
Calculate the greatest common factor of 2669 and 17.
